t is 16 + -28 + (25 - 28) + (9 - 27)?
-33
What is the value of -41 - 11 - (-11 + -7 + -30)?
-4
(-33 + 32 - 0) + 32 + -21
10
Evaluate (3 + -23 - 9 - -11) + (4 - (3 + 7)).
-24
What is the value of 1 + -24 - (7493 + -7499)?
-17
What is the value of 1 - ((-42 - (-138 - -29)) + 0 + -7)?
-59
Evaluate (-7 - -9) + (2 - 3) - (-51 + 96).
-44
-310 - -301 - (-1 + -22) - -1
15
What is -4 + (-3 - -5 - 2) - (-44 + 98 - 46)?
-12
What is the value of (29 - (-63 + 102)) + 15 + -2?
3
Calculate -9 - -28 - 8 - (52 - 2) - (3 + -1).
-41
(8 - 1 - (17 + (-66 - -47))) + -7
2
66 + (-7 + 9 + -4 - 2 - (30 + -26))
58
93 - (13 - (2 - (19 - 9)) - 34)
106
What is the value of -145 + -63 + 205 - (-3 - (-2 - 32))?
-34
-199 + 129 + 93 - (1 + 19)
3
Evaluate 118 + -186 - (-41 - 76).
49
122 + (155 - (266 + 32))
-21
What is 47 - ((-3 - (-7 - -27)) + (47 - 9))?
32
Evaluate (-37 - -12) + 21 + -1 + -35.
-40
Evaluate -5 - ((60 - 99) + -62 + (19 - -1)).
76
What is 54 + 2 - 0 - (-56 - (22 - 90))?
44
What is (-20 + 19 - (5 - -4)) + (-51 - -35)?
-26
What is 43 - (-6 - (-3 + (1 - 13) + 7))?
41
What is 31 + (29 - 97) + (-13 - -37)?
-13
Calculate 18 - (4 - (15 + -96 + 15)).
-52
What is the value of 35 - (1 - 12 - (-109 + 99))?
36
What is (-1 - 7) + (0 - 8) + -1 + -2?
-19
What is the value of 16 + 18 + (13 - 25) - (-8 + 0)?
30
Calculate -27 - (21 + -29 + -12 - -38).
-45
Evaluate 4 - 0 - ((-77 - -64) + 63).
-46
What is (-15 - (-41 - 6)) + 3?
35
What is the value of -123 - (142 + -102 - 64)?
-99
What is 1 - -79 - (99 + -134 - (8 + -56))?
67
-62 + 48 + 95 + -23
58
Evaluate 17 + -1 + (31 - 31).
16
Evaluate 7 + (4 - -2 - 117 - 7) + (38 - 30).
-103
What is the value of 6 - (2 + (22 - (13 - (-13 + 23))))?
-15
Evaluate 4 - ((5 - 39) + 27 + (4 - -102)).
-95
What is -8 - (-3 + 21 + -11) - -70?
55
Evaluate -7 + -2 - (2 - 2 - (34 + -25 - 10)).
-10
What is 10 + -9 + -69 + 58?
-10
Evaluate (-3 + -3 + -24 - (-1221 - -1212)) + -11.
-32
What is the value of 4 + (-14 - -2 - (3 + 26 - 12))?
-25
What is the value of 18 + -27 + -2 - (-9 + 37)?
-39
29 - (0 - (-68 - -44))
5
Calculate 91 + (-14 - -29) + -55 + 23.
74
What is 40 - (-45 - -68 - -52)?
-35
(-11 - 21) + -65 - -81
-16
0 + -3 + (49 - (38 - 19)) + (-23 - -31)
35
Evaluate 5 - (-11 + 9 + -3 + -1 - -5 - -10).
-4
Evaluate 0 + 25 + (-14 + -4 - -10).
17
Calculate 8 + -24 + 8 + -12 - 26.
-46
Evaluate 399 + -420 + (-22 - ((-7 - -3) + 3)).
-42
What is -3 + -33 - 18 - (3 - 1 - -5)?
-61
What is the value of 17 - 64 - -38 - (-2 - (-6 + -101))?
-114
Evaluate -9 + (-25 - -13 - 133) + -7 + 5 + 1.
-155
Calculate 55 - 67 - -10 - (-2 - 1).
1
What is the value of (-134 - -119) + (-1 - -64) + (2 - -1 - 2)?
49
What is -2 + (-33 - (21 - 54))?
-2
What is the value of (-62 + 19 - -70) + (20 - 1)?
46
What is 0 + 2 - (101 - (25 + -9 - 35 - -4))?
-114
Calculate (-22 + -27 - -18) + 54 - 16.
7
What is (14 - (-27 + 19) - (2 + 5)) + -36?
-21
What is the value of 2 + -3 + -26 - (24 + (52 + -33 - 45))?
-25
What is the value of (-102 - -31) + 164 - 49?
44
Calculate 13 + -4 - (-28 - -43) - 7.
-13
Evaluate -67 + 58 - (4 + (-2 - (-5 - -89))).
73
What is the value of -21 - (-30 - (-19 + 10)) - -25?
25
What is the value of -52 + (-25 - -44 - -17)?
-16
What is the value of (-25 + 50 + -22 - -33) + 3 + -3?
36
What is -1 - ((-5 - -11) + -9 - -8) - -18?
12
Calculate -64 + 250 + -260 - (24 - 1).
-97
What is -1 - (2 + -33) - (-85 + (-60 - (-51 - 84)))?
40
Evaluate 2052 - 2010 - (0 + -1 + 0 + (8 - 10)).
45
Calculate -20 + (324 - 229) - (-15 + 1 + (0 - 0)).
89
Calculate -24 + (-36 - -56 - 15).
-19
Calculate 67 + ((-7 - -28 - 21) + (-7 - -6) - -13).
79
Calculate -2 + 0 - 17 - (-122 - (-52 - 60)).
-9
Evaluate 76 + 0 + (0 - 2) + -72191 + 72194.
77
11 - (3 + 50 + (-24 - -23))
-41
Evaluate (-60 - -5) + (-1 - -2 - (1 + 5) - 2).
-62
What is (0 - 2) + 27 - (-901 + 831)?
95
Evaluate 54 - ((13 - 7) + -31 + 39).
40
What is (120 - (61 - -69)) + 116 + (-2 + 2 - 1)?
105
41 + 4 + -3 + (-20 - (9 - (-5 - -29)))
37
What is (1 + (1 - 0) - 2) + (347 - (161 + 106))?
80
Evaluate 9 + (-8 + -4 - (-1 + -18 - -27)) - 5.
-16
82 + 6 + (17 - (-5 - 34 - -32))
112
13 - (-30 - -6) - 17
20
-41 - (38 - 198 - -64)
55
-96 - (19 + -134 - 57)
76
What is 2 + 49 - (2 + (14 - (-1 + 24 + -11)))?
47
Evaluate 7 - ((-1 - 2) + -4 + (-70 - -7) + 3).
74
What is (-1 - -51) + -29 + -17 + (-5 - -9)?
8
What is the value of 27 - (-4 + 19) - (50 + 0)?
-38
(-10 - 15) + (0 - (-3 + 18))
-40
What is 5 + 0 + (-21 + 44 - 64)?
-36
Evaluate -49 - (12 + -13 - (17 + -26 - -21)).
-36
2 + -25 + (-9 - -11)
-21
What is -20 + (214 - 180 - (21 + (1 - 3)))?
-5
Evaluate 21 - (1 + 11 - ((-124 - -55) + 98)).
38
Evaluate -3 + 54 + -25 + 2 + 19 + 11.
58
What is 7 + 55 - (-3 - 1 - -8 - (0 + 12))?
70
(-3 - -2 - 7) + -2972 + 2983
3
Evaluate -29 + (-7 - 16) - (1 + -12).
-41
What is 106 + (46 - 31 - (25 - 0))?
96
Evaluate (-7 - -1) + (-15 - (-22 + 10 + -1)) + -36.
-44
What is the value of 348 + -279 + -1 + (3 - 10)?
61
What is 18 - (7 - (-64 - -114))?
61
What is the value of -25 + -20 + (30 - -5) - -19?
9
Evaluate -1 + 0 + -41 + (-378 - -171 - -203).
-46
What is -5361 - -5535 - (81 - 0)?
93
Calculate -12 + 8 + -3 + 71 + -59.
5
Evaluate -11 - (-6 + 21 + 32) - -11.
-47
Evaluate -5 + -109 + 52 - (1 + 2).
-65
Calculate -29 + (78 - (19 + 12) - 23).
-5
Evaluate (-4 - -2 - 1) + -88 + 35 + 26.
-30
What is the value of -1811 + 1800 - (-54 - (0 - -1))?
44
Calculate 8 - ((27 - 40) + (8 - (0 - -3)) + 1).
15
(-15 - ((20 - (16 - 3)) + 6 + -41)) + 112
125
What is the value of 4 + -1 + 4 + -6 + -15 + (5 - 57)?
-66
What is -118 - (-12 + 83 - 133)?
-56
Calculate 38 + (-5 + 22 + -4 - 10) + 0.
41
Evaluate -10 + 35 - 17 - -27 - 76.
-41
Evaluate -24 + -1 - (-108 + 104 - -15).
-36
(2 - (3 - 1)) + 226 + -237 + (-68 - 7)
-86
What is 28 + -42 + (12 - (31 + -38))?
5
Evaluate -93 + -1 + -120 + -197 + 291.
-120
What is (63 - 2) + -900 + 763?
-76
Evaluate 0 + -28 + -17 + (-31 + 23 - -29) + -4.
-28
Calculate (-35 - (50 - 80)) + 63.
58
Evaluate -28 - (20 - (-8 - -8 - -6) - 8).
-34
What is the value of 104 + 3 + -20 - (-24 + 35 - 6)?
82
What is the value of 10 + 23 - ((10 + -25 - 3) + 10)?
41
89 + -1 - 61 - 24
3
What is -5810 - -5762 - (-1 + -163)?
116
What is the value of -70 + 0 - -14 - ((2 - 5) + 16 + -10)?
-59
What is the value of -7 - ((1 - -8) + -75) - (1 + 2) - 7?
49
Evaluate 7 - (24 + 1 - (-82 + 85)) - (53 + -54).
-14
(-11 - (29 + 2) - (-5 + 15)) + 15
-37
What is the value of (117 - (37 + -8 + 9)) + -24?
55
What is (31 - 52) + -180 + 109?
-92
0 + 0 + -1 + -32 - (-83 - -31 - -54)
-35
What is the value of 81 + -2 + (-3368 - -3351)?
62
-66 + 71 - (21 + -2 + (-13 - -14) + -1)
-14
What is the value of -72 - -51 - -32 - (-16 + 0)?
27
28 - (-19 + 68 - -1)
-22
What is the value of -30 + -111 + (-88 - -183)?
-46
Evaluate (-36 - -53) + 31 - 35.
13
Evaluate 47 + -47 + (-26 + (17 - 2) - -73).
62
Evaluate -1316 + 1371 + 1 + -25.
31
What is 4 - (22 + (0 - (-17 + (-6 - -9) + 6)))?
-26
What is the value of -208 + (61 - -16) + 0 + (2 - 6) + 19?
-116
What is -8039 + 7992 + (-2 + 3 - 19) + 0?
-65
Calculate 8 + -3 + 5 + (2 - -1) + 5.
18
What is the value of (0 - (2 + -6) - 2) + 7 - (13 - 31)?
27
Calculate -14 + (-3 - (12 - (-9 - -3) - -11)).
-46
Evaluate -7 + (13 - 9) + -58 + -5 + -3 + 7.
-62
Evaluate (49 - 56) + -41 + 55.
7
What is -8 + 2 + 9 + 14 + -4 + -26?
-13
-569 + 577 - (-9 + (-1 + -2 - -2))
18
Evaluate 35 + 1 + (-37 + -43 + 24 - -35).
15
What is the value of 22 + -8 - -6 - 25 - (-3 - -2)?
-4
148 + (141 - 496 - -118)
-89
-101 + 114 + -5 + -112
-104
Calculate (-20 - 11 - -28) + 31 - 1.
27
(32 + -99 - -76) + -2 + 61
68
(-37 + 9 + 10 - -19) + 0 + -13
-12
Calculate (-4 - 1) + 34 + (20 - 45).
4
(39 - 2) + (-1339 - -1347)
45
Evaluate (62 + -30 + -30 - 30) + -35.
-63
What is 11 + -16 + 18 + (-6 - 0) + (-10 - -8)?
5
Evaluate 131 + (-39 - (-57 - -37)) + -4.
108
Evaluate -54 + 92 + (-42 - 7).
-11
Evaluate 21 - (21 - (34 + (11 - 6))).
39
Evaluate -10 + -1 + -1 + (17 - ((11 - -1) + -2)).
-5
22 - (63 + (-65 - -109))
-85
What is the value of (-13 - (16 + -42)) + (-35 - -12) + 31?
21
What is the value of 9 + -11 - 18 - (8 + -15 + 16)?
-29
Evaluate -15 + (45 + -43 - (-1 - 10)) + 38.
36
What is 36 - (-12 - (0 + 44 + -22))?
70
What is 37 + -16 - (18 + -32) - 15?
20
293 + -279 + 2 + 73 - 13
76
-42 + 45 + -28 - -52 - -66
93
What is -9 + 